{"id":71948,"date":"2018-05-01T00:00:00","date_gmt":"2018-05-01T00:00:00","guid":{"rendered":"https:\/\/fujifilmnxtc.wpenginepowered.com\/photographers\/ines-thomsen-2\/"},"modified":"2018-05-01T00:00:00","modified_gmt":"2018-05-01T00:00:00","slug":"ines-thomsen","status":"publish","type":"photographer","link":"https:\/\/www.fujifilm-x.com\/de-de\/photographers\/ines-thomsen\/","title":{"rendered":"Ines Thomsen"},"content":{"rendered":"<div class=\"xphotographerspost__detail_data_motto_texts motto_texts\">\n<p>Ines Thomsen ist eine \u00f6sterreichische Fotografin und wurde 1984 in Linz geboren. Seit einigen Jahren ist sie international t\u00e4tig, um f\u00fcr ihre Kunden aus Werbung, Mode und freier Kunst das einzigartige, ungesehene und zugleich spektakul\u00e4re Bild zu suchen.<br \/>\nDabei geht es ihr nicht nur um die Technik, sondern vielmehr um ein positives, zwischenmenschliches \u201eKnistern\u201c, welches zwischen ihr, ihren Motiven und Models entsteht. Aus diesem besonderen Spannungsfeld heraus gelingen ihr Bilder, welche die nat\u00fcrliche, ungek\u00fcnstelte &amp; oftmals nicht wahrgenommene tiefgreifende Sch\u00f6nheit eines Motives zum Ausdruck bringen. Ihr Motto:<br \/>\nEverything has its beauty, but not everyone can see.<br \/>\nIhre Karriere hat Ines aus einem zutiefst pers\u00f6nlichen Grund begonnen: Einer Tumordiagnose im Alter von 23 Jahren. Die damalige Flugbegleiterin beschloss ihrem Leben einen neuen Sinn zu geben und nur noch das zu tun, was ihr wirklich Spa\u00df macht. Darum besuchte sie nach ihrer Genesung die Prager Fotoschule sowie internationale Workshops bei renommierten Fotografen wie dem Portraitguru Peter Hurley aus New York.<br \/>\nZu ihren Spezialgebieten z\u00e4hlt neben der Portrait-, Beauty- Lifestyle- und Fashionfotografie die Arbeit mit Kindern, die sie als eine der K\u00f6nigsdisziplinen der Peoplefotografie bezeichnet. Denn wer es schafft, ein Kinderherz zu gewinnen, die Emotionen und die Freude festzuhalten, ist auch noch so fordernden Shootings gewachsen. Zuh\u00f6ren, Geduld, Verst\u00e4ndnis, Spa\u00df und h\u00f6chste Anspr\u00fcche sind die Werte, welche die Zusammenarbeit mit Ines auszeichnen.<\/p>\n<\/div>\n<div class=\"xphotographerspost__about_texts\">\n<p>Durch das professionelle Kompakt-System von FUJIFILM fotografiere ich anders &#8211; umeiniges freier und unbedarfter &#8211; und gewinne neue Perspektiven. Daher macht mir diese effiziente Technologie mit einer leichten, sehr stylischen Kamera, dem erstklassigen Sensor und elektronischem Sucher auch zugleich wesentlich mehr Spa\u00df beim Fotografieren.<\/p>\n<\/div>\n","protected":false},"author":8,"featured_media":29987,"parent":0,"menu_order":0,"template":"","category":[1006,1888,1055,13040,3309,5906,6053,5808,6396,8601,7670,7523,8748,7817,7376],"post_tag":[],"fujifilm_title":[],"class_list":["post-71948","photographer","type-photographer","status-publish","has-post-thumbnail","hentry","category-cameras","category-discontinued-models","category-lenses","category-prime-lenses","category-x-mount-prime","category-x-e3","category-x-h1","category-x-t2","category-x-t3","category-xf100-400mmf4-5-5-6-r-lm-ois-wr","category-xf16mmf1-4-r-wr","category-xf23mmf1-4-r","category-xf50-140mmf2-8-r-lm-ois-wr","category-xf56mmf12-r-apd","category-xf90mmf2-r-lm-wr"],"pp_statuses_selecting_workflow":false,"pp_workflow_action":"current","pp_status_selection":"publish","acf":[],"fujifilm_category_label":"XF90mmF2 R LM WR","publishpress_future_action":{"enabled":false,"date":"2026-09-13 22:30:27","action":"change-status","newStatus":"draft","terms":[],"taxonomy":"category","extraData":[]},"publishpress_future_workflow_manual_trigger":{"enabledWorkflows":[]},"_links":{"self":[{"href":"https:\/\/www.fujifilm-x.com\/de-de\/wp-json\/wp\/v2\/photographer\/71948","targetHints":{"allow":["GET"]}}],"collection":[{"href":"https:\/\/www.fujifilm-x.com\/de-de\/wp-json\/wp\/v2\/photographer"}],"about":[{"href":"https:\/\/www.fujifilm-x.com\/de-de\/wp-json\/wp\/v2\/types\/photographer"}],"author":[{"embeddable":true,"href":"https:\/\/www.fujifilm-x.com\/de-de\/wp-json\/wp\/v2\/users\/8"}],"wp:featuredmedia":[{"embeddable":true,"href":"https:\/\/www.fujifilm-x.com\/de-de\/wp-json\/wp\/v2\/media\/29987"}],"wp:attachment":[{"href":"https:\/\/www.fujifilm-x.com\/de-de\/wp-json\/wp\/v2\/media?parent=71948"}],"wp:term":[{"taxonomy":"category","embeddable":true,"href":"https:\/\/www.fujifilm-x.com\/de-de\/wp-json\/wp\/v2\/category?post=71948"},{"taxonomy":"post_tag","embeddable":true,"href":"https:\/\/www.fujifilm-x.com\/de-de\/wp-json\/wp\/v2\/post_tag?post=71948"},{"taxonomy":"title","embeddable":true,"href":"https:\/\/www.fujifilm-x.com\/de-de\/wp-json\/wp\/v2\/fujifilm_title?post=71948"}],"curies":[{"name":"wp","href":"https:\/\/api.w.org\/{rel}","templated":true}]}}

<div class="xphotographerspost__detail_data_motto_texts motto_texts">
<p>Ines Thomsen ist eine österreichische Fotografin und wurde 1984 in Linz geboren. Seit einigen Jahren ist sie international tätig, um für ihre Kunden aus Werbung, Mode und freier Kunst das einzigartige, ungesehene und zugleich spektakuläre Bild zu suchen.<br />
Dabei geht es ihr nicht nur um die Technik, sondern vielmehr um ein positives, zwischenmenschliches „Knistern“, welches zwischen ihr, ihren Motiven und Models entsteht. Aus diesem besonderen Spannungsfeld heraus gelingen ihr Bilder, welche die natürliche, ungekünstelte &amp; oftmals nicht wahrgenommene tiefgreifende Schönheit eines Motives zum Ausdruck bringen. Ihr Motto:<br />
Everything has its beauty, but not everyone can see.<br />
Ihre Karriere hat Ines aus einem zutiefst persönlichen Grund begonnen: Einer Tumordiagnose im Alter von 23 Jahren. Die damalige Flugbegleiterin beschloss ihrem Leben einen neuen Sinn zu geben und nur noch das zu tun, was ihr wirklich Spaß macht. Darum besuchte sie nach ihrer Genesung die Prager Fotoschule sowie internationale Workshops bei renommierten Fotografen wie dem Portraitguru Peter Hurley aus New York.<br />
Zu ihren Spezialgebieten zählt neben der Portrait-, Beauty- Lifestyle- und Fashionfotografie die Arbeit mit Kindern, die sie als eine der Königsdisziplinen der Peoplefotografie bezeichnet. Denn wer es schafft, ein Kinderherz zu gewinnen, die Emotionen und die Freude festzuhalten, ist auch noch so fordernden Shootings gewachsen. Zuhören, Geduld, Verständnis, Spaß und höchste Ansprüche sind die Werte, welche die Zusammenarbeit mit Ines auszeichnen.</p>
</div>
<div class="xphotographerspost__about_texts">
<p>Durch das professionelle Kompakt-System von FUJIFILM fotografiere ich anders &#8211; umeiniges freier und unbedarfter &#8211; und gewinne neue Perspektiven. Daher macht mir diese effiziente Technologie mit einer leichten, sehr stylischen Kamera, dem erstklassigen Sensor und elektronischem Sucher auch zugleich wesentlich mehr Spaß beim Fotografieren.</p>
</div>
